Suppose -5*q = -u - 22, -2*u - 4*q = 2*u + 16. Let g = u + 9. Calculate the greatest common divisor of 2 and g.
2
Let z(w) = -w - 9*w**2 - 43 + 0*w**2 - w**3 + 30. Let v be z(-11). What is the greatest common divisor of 30 and v?
30
Suppose 0*o - 1 = -o. What is the highest common divisor of o and 8?
1
Let o(l) = -3*l - 15. Let y be (2 + -9)*(-48)/(-28). Let a be o(y). Calculate the greatest common divisor of a and 3.
3
Let n = 17 - 24. Let w be n/28 + 5/4. Calculate the greatest common divisor of 1 and w.
1
Suppose 3*a = a + 2. What is the highest common factor of 8 and a?
1
Let g = -23 + 31. What is the highest common factor of g and 64?
8
Suppose -w + 4*p + 51 = p, -w + 43 = p. Calculate the greatest common factor of 9 and w.
9
Let h be (-38 + -2)/((-4)/6). Suppose -h = -0*o - 2*o. Suppose 60 = j + 2*j. What is the greatest common factor of j and o?
10
Suppose 0 = q - 0 + 10. Let c(y) = -8*y + 4. Let i be c(q). Let m = -9 - -21. What is the greatest common factor of m and i?
12
Let n(l) = -l**2 + 10*l + 3. Let h be n(9). Let r(w) = -w + 17. Let b be r(h). What is the greatest common divisor of b and 15?
5
Suppose -5*x + 15 = -0*x. Suppose 5*q - 30 = x*j, -5 = 5*q + 4*j - 0. Calculate the highest common divisor of 21 and q.
3
Let r be (-551)/(-8) - (-4)/32. Let j be 3/9*(0 + r). Calculate the highest common factor of 253 and j.
23
Let y = 3 - -1. Suppose 0 = y*s - s - 210. Let z(h) = -3*h - 4. Let q be z(-6). Calculate the highest common divisor of q and s.
14
Let n(h) = 6*h + 1. Let f be n(-5). Let d = 49 + f. What is the highest common divisor of 2 and d?
2
Let y be -2 + 2 + 7 + 3. What is the highest common divisor of y and 2?
2
Let u be (-29)/(-9) - (-4)/(-18). Suppose -u*t = -13 - 8. Suppose -4*d = -w - 20, t*d - 3*w - 25 = 2*d. What is the greatest common factor of 1 and d?
1
Let m = 22 + -13. Let o be ((-4)/(-6))/(2/m). Suppose o*p = p + 28. What is the greatest common divisor of p and 140?
14
Let p(r) = 4*r - 3. Let v be p(3). Let d be v/(-3)*1 + 13. Calculate the greatest common divisor of 15 and d.
5
Suppose -103 = -3*o - y, 0 = 2*o + y + 2*y - 64. Suppose -3*k + 46 = -o. What is the highest common factor of k and 9?
9
Suppose 4*c - 2*r + 294 = 0, 4*c - 4*r + 242 = -46. Let j = c + 127. What is the highest common factor of j and 26?
26
Let b be (-4)/(-14) - (-231)/49. Suppose 2 + 8 = b*q. Suppose -q*i + 56 = 2*i. What is the highest common factor of i and 70?
14
Suppose -6*f + 4*f = -26. What is the highest common factor of f and 143?
13
Let z be 36/(-16)*(-8)/(-3). Let g(b) = b**3 + 5*b**2 - 9*b - 6. Let n be g(z). What is the greatest common divisor of 30 and n?
6
Suppose 0 = 4*z + 20, 6*b + 5*z = b + 80. Suppose 2*d + 2*x = 4*d - 6, 4*d + 3*x - 12 = 0. Calculate the greatest common divisor of b and d.
3
Let i(n) = n**2 + n + 20. Let v(g) = g**2 - 5*g - 6. Let d be v(6). Let w be i(d). What is the highest common factor of w and 140?
20
Let i be ((-4)/(-3))/((-4)/(-30)). Let u be 2219/28 + (-21)/(-28). Calculate the greatest common factor of u and i.
10
Let h(v) = 142*v**2 - 3*v - 1. Let o be h(-3). Suppose 0 = p, 5*w = -p - 296 + o. What is the highest common factor of w and 22?
22
Let c(d) = -d**3 + 4*d**2 + 6*d + 5. Let v be c(5). What is the greatest common factor of 90 and v?
10
Let p(b) = -b - 9. Let t be p(-7). Let j = t - 2. Let w be (-17)/(-2) + j/(-8). Calculate the highest common factor of w and 81.
9
Suppose 2*n - 1 = 3. Suppose -2*t - n*z + 13 = z, -z = -3. Let w(l) = l**3 + 5*l**2 - 3*l + 3. Let i be w(-5). Calculate the greatest common factor of i and t.
2
Let c(i) = i**3 + 6*i**2 - 2*i - 9. Let z be c(-6). Let h(b) = 2*b**2 - 4*b + 2. Let v be h(z). What is the highest common factor of 8 and v?
8
Suppose -4*q - 4*o + o - 2 = 0, -5*q - 2*o - 6 = 0. Let a(z) = -9*z + 7*z - 5*z - 12*z + 2. Let v be a(q). What is the greatest common factor of 5 and v?
5
Suppose -8 = -x - k, -2*x - x - 2*k = -29. What is the highest common factor of x and 65?
13
Let h = 269 - 143. Suppose k = -u - 3*k + 21, -5*u + 5*k = -5. Suppose u*w - 11 = -2*l, -3*l + 2*w = -w - 69. Calculate the highest common divisor of h and l.
18
Suppose -1 + 21 = 2*v. Suppose 3 - 7 = -2*h. Suppose c = h*c - 5. What is the greatest common factor of v and c?
5
Let r be ((-1)/(-2) - 1)*-14. Let j(p) be the first derivative of p**2 - p + 2. Let c be j(r). Calculate the greatest common factor of c and 13.
13
Suppose 4*x + 24 = 2*p + 9*x, -3*p + 4*x - 10 = 0. Calculate the highest common divisor of p and 14.
2
Let b(h) = 2*h - 21. Let o be b(11). Calculate the highest common factor of 27 and o.
1
Suppose 0 = -3*l, 0 = 5*v - v - l - 36. Let z = 15 + v. Let q = 12 + -6. What is the greatest common divisor of z and q?
6
Let v be (-1285)/(-10) - (-2)/(-4). What is the highest common factor of 16 and v?
16
Suppose -3*p + 49 + 0 = c, p = 3. Let n(l) = -28*l - 136. Let j be n(-7). Calculate the greatest common factor of c and j.
20
Let n = 10 + -7. Suppose -5*q = 4*f - n*q - 148, -2*q = -3*f + 118. Suppose -f = -p + 39. Calculate the highest common factor of p and 7.
7
Let f be (-4 - (-22)/6)*-39. Calculate the greatest common divisor of 117 and f.
13
Let o(g) = g**2 - 15*g + 14. Let x be o(11). Let m be (90/8)/(x/(-160)). Calculate the greatest common factor of 12 and m.
12
Let i(z) = z**3 + 8*z**2 - 13*z. Let k be i(-9). Calculate the greatest common divisor of k and 12.
12
Let y be -6*(0 + 2/(-4)). Suppose 6 = 2*l - 2*t, 24 = 4*l - 0*l + 2*t. Suppose -d = -y - l. Calculate the greatest common factor of 4 and d.
4
Let b(i) = i**2 - 4*i - 3. Let f be b(-3). Let l be (3/2)/(2/12). Let d be (-2)/l + 440/36. What is the greatest common factor of d and f?
6
Let k(r) = 4*r**2 + 1. Let u be k(1). Suppose 0 = -3*b - u*j + 110, 2*b - 5*j - 86 = -2*j. Calculate the highest common divisor of b and 10.
10
Let g be 6/(-33) - 419*(-6)/33. Calculate the highest common divisor of g and 19.
19
Suppose -5*t + 4*t = o - 65, 4*t - 3*o = 260. What is the greatest common factor of t and 26?
13
Let c = 6 - -6. Calculate the greatest common factor of c and 3.
3
Let h be (-6)/(0 + -3) + 14. Let y be ((-384)/(-10))/((-15)/(-50)). Calculate the highest common factor of h and y.
16
Let y = 3 - 5. Let o = -1 + 0. Let l be -2 + (o - -52 - y). Calculate the greatest common factor of l and 17.
17
Let i be 2/(-2)*3 - -4. Let t be (i/(-2) + 2)*16. Calculate the highest common divisor of 3 and t.
3
Suppose 5*p = -11*p + 32. What is the greatest common factor of 7 and p?
1
Suppose 8 = -v - 4*t, 3*v + 3 = -5*t - 0. Let o(d) = d**2 - 3*d - 4. Let y be o(v). Suppose y*c + 165 = 5*c. What is the greatest common divisor of c and 3?
3
Suppose 2*p = -0*p + 14. Suppose p = 4*g - 4*w + w, 3*w - 13 = -g. Let d be 5 + -3*(-3)/(-3). Calculate the greatest common factor of d and g.
2
Let r be (-2)/(-9) - (-7924)/63. What is the highest common divisor of 14 and r?
14
Let c be (-384)/(-39) + (-12)/(-78). What is the greatest common factor of 90 and c?
10
Suppose 2*v = -2*n - 2, 3*n - v - 1 = -2*v. Suppose 2*k = 19 - n. What is the greatest common factor of 9 and k?
9
Let x(w) = -8*w - 38. Let y be x(-7). What is the highest common divisor of y and 45?
9
Let l = -17 - -26. Let z be (-4 - -1)/(1/16). Let w = -3 - z. What is the highest common divisor of l and w?
9
Let s(c) = 10*c**2 + 2*c + 3. Let x be s(-2). Let b be 0 + x + (-24)/(-8). Calculate the highest common divisor of b and 14.
14
Let d be (1 + 3)/(-2*1). Let n = 2 - d. Calculate the greatest common divisor of n and 32.
4
Suppose 3*x - x + 8 = 0, -m - 4 = 4*x. Let j be 4/(-3)*m/(-4). Calculate the highest common divisor of j and 1.
1
Suppose 0 = -5*v - 9 + 29. Suppose -3*t + v*c = -10 - 7, -5*t + 37 = 2*c. Calculate the highest common divisor of 63 and t.
7
Let o(q) = 2*q**3 - 4*q**2 + 1. Let c be -2 - (-3 + 1) - -3. Let j be o(c). Calculate the greatest common factor of 19 and j.
19
Suppose -3*j = 3*d - d - 29, -4*j + 4*d + 72 = 0. Let p = 7 + j. Suppose 6*t - p = t. What is the highest common factor of 44 and t?
4
Let r(s) be the second derivative of 1/3*s**4 - 1/6*s**3 + s + 0 + 1/2*s**2. Let z be r(1). Calculate the highest common divisor of z and 4.
4
Suppose -3*i = 5*v + 19 + 17, 5*v + 51 = 2*i. Let u = 21 + v. Calculate the highest common factor of u an